n 42 is divided by 16?
10
Calculate the remainder when 3429 is divided by 12.
9
Calculate the remainder when 120 is divided by 49.
22
Calculate the remainder when 682 is divided by 36.
34
What is the remainder when 9537 is divided by 595?
17
What is the remainder when 568 is divided by 5?
3
What is the remainder when 3191 is divided by 94?
89
Calculate the remainder when 63 is divided by 14.
7
Calculate the remainder when 7931 is divided by 16.
11
What is the remainder when 157 is divided by 5?
2
Calculate the remainder when 738 is divided by 244.
6
What is the remainder when 23 is divided by 10?
3
Calculate the remainder when 1100 is divided by 46.
42
Calculate the remainder when 104 is divided by 90.
14
Calculate the remainder when 13 is divided by 5.
3
Calculate the remainder when 396 is divided by 16.
12
Calculate the remainder when 8 is divided by 5.
3
What is the remainder when 310 is divided by 78?
76
What is the remainder when 3093 is divided by 509?
39
What is the remainder when 61 is divided by 19?
4
What is the remainder when 3391 is divided by 117?
115
Calculate the remainder when 1877 is divided by 20.
17
Calculate the remainder when 354 is divided by 108.
30
What is the remainder when 1725 is divided by 2?
1
What is the remainder when 152 is divided by 55?
42
What is the remainder when 197 is divided by 113?
84
What is the remainder when 1223 is divided by 34?
33
What is the remainder when 51 is divided by 50?
1
Calculate the remainder when 319 is divided by 46.
43
What is the remainder when 63 is divided by 16?
15
What is the remainder when 87 is divided by 60?
27
Calculate the remainder when 1785 is divided by 89.
5
What is the remainder when 5311 is divided by 21?
19
What is the remainder when 361 is divided by 11?
9
Calculate the remainder when 72 is divided by 28.
16
What is the remainder when 543 is divided by 61?
55
Calculate the remainder when 134 is divided by 42.
8
Calculate the remainder when 921 is divided by 453.
15
Calculate the remainder when 1385 is divided by 344.
9
Calculate the remainder when 321 is divided by 155.
11
What is the remainder when 163 is divided by 15?
13
Calculate the remainder when 392 is divided by 66.
62
What is the remainder when 244 is divided by 54?
28
Calculate the remainder when 77 is divided by 39.
38
Calculate the remainder when 671 is divided by 32.
31
Calculate the remainder when 4234 is divided by 7.
6
What is the remainder when 212 is divided by 62?
26
What is the remainder when 1018 is divided by 57?
49
What is the remainder when 291 is divided by 11?
5
Calculate the remainder when 767 is divided by 261.
245
Calculate the remainder when 117 is divided by 24.
21
What is the remainder when 1570 is divided by 176?
162
Calculate the remainder when 8 is divided by 5.
3
Calculate the remainder when 832 is divided by 64.
0
Calculate the remainder when 432 is divided by 3.
0
Calculate the remainder when 874 is divided by 52.
42
Calculate the remainder when 213 is divided by 24.
21
What is the remainder when 139 is divided by 16?
11
Calculate the remainder when 1217 is divided by 174.
173
What is the remainder when 758 is divided by 17?
10
What is the remainder when 304 is divided by 61?
60
Calculate the remainder when 286 is divided by 211.
75
Calculate the remainder when 4464 is divided by 19.
18
What is the remainder when 82 is divided by 29?
24
What is the remainder when 527 is divided by 11?
10
What is the remainder when 184 is divided by 49?
37
Calculate the remainder when 856 is divided by 32.
24
Calculate the remainder when 182 is divided by 137.
45
What is the remainder when 422 is divided by 237?
185
Calculate the remainder when 117 is divided by 53.
11
What is the remainder when 245 is divided by 90?
65
Calculate the remainder when 1326 is divided by 201.
120
Calculate the remainder when 29 is divided by 10.
9
Calculate the remainder when 103 is divided by 36.
31
Calculate the remainder when 376 is divided by 77.
68
What is the remainder when 1175 is divided by 11?
9
Calculate the remainder when 462 is divided by 67.
60
Calculate the remainder when 112 is divided by 32.
16
What is the remainder when 71 is divided by 15?
11
What is the remainder when 3347 is divided by 23?
12
What is the remainder when 534 is divided by 148?
90
What is the remainder when 1122 is divided by 29?
20
Calculate the remainder when 198 is divided by 50.
48
Calculate the remainder when 8162 is divided by 26.
24
What is the remainder when 142 is divided by 15?
7
Calculate the remainder when 170 is divided by 44.
38
What is the remainder when 961 is divided by 140?
121
Calculate the remainder when 177 is divided by 45.
42
What is the remainder when 1622 is divided by 63?
47
What is the remainder when 46189 is divided by 10?
9
What is the remainder when 1460 is divided by 50?
10
What is the remainder when 9483 is divided by 93?
90
Calculate the remainder when 7977 is divided by 140.
137
What is the remainder when 2198 is divided by 44?
42
Calculate the remainder when 911 is divided by 211.
67
What is the remainder when 36 is divided by 15?
6
Calculate the remainder when 1185 is divided by 177.
123
What is the remainder when 1134 is divided by 71?
69
What is the remainder when 482 is divided by 11?
9
Calculate the remainder when 6006 is divided by 232.
206
Calculate the remainder when 333 is divided by 5.
3
Calculate the remainder when 306 is divided by 77.
75
Calculate the remainder when 563 is divided by 4.
3
Calculate the remainder when 1147 is divided by 276.
43
What is the remainder when 90 is divided by 68?
22
Calculate the remainder when 79 is divided by 5.
4
Calculate the remainder when 110 is divided by 24.
14
What is the remainder when 79 is divided by 9?
7
What is the remainder when 128 is divided by 34?
26
What is the remainder when 581 is divided by 99?
86
What is the remainder when 3419 is divided by 90?
89
Calculate the remainder when 171 is divided by 98.
73
What is the remainder when 969 is divided by 98?
87
What is the remainder when 327 is divided by 33?
30
What is the remainder when 127 is divided by 46?
35
What is the remainder when 4931 is divided by 289?
18
Calculate the remainder when 71 is divided by 24.
23
What is the remainder when 940 is divided by 48?
28
Calculate the remainder when 134 is divided by 64.
6
What is the remainder when 63 is divided by 43?
20
What is the remainder when 138 is divided by 28?
26
What is the remainder when 103 is divided by 28?
19
Calculate the remainder when 338 is divided by 31.
28
Calculate the remainder when 336 is divided by 60.
36
Calculate the remainder when 5089 is divided by 182.
175
What is the remainder when 117 is divided by 62?
55
Calculate the remainder when 218 is divided by 55.
53
Calculate the remainder when 304 is divided by 45.
34
What is the remainder when 303 is divided by 92?
27
What is the remainder when 2356 is divided by 9?
7
What is the remainder when 182 is divided by 52?
26
What is the remainder when 1295 is divided by 178?
49
Calculate the remainder when 7956 is divided by 23.
21
What is the remainder when 68 is divided by 44?
24
What is the remainder when 32 is divided by 11?
10
What is the remainder when 127 is divided by 65?
62
Calculate the remainder when 314 is divided by 120.
74
Calculate the remainder when 549 is divided by 12.
9
What is the remainder when 537 is divided by 528?
9
Calculate the remainder when 2309 is divided by 2276.
33
What is the remainder when 52 is divided by 41?
11
Calculate the remainder when 621 is divided by 16.
13
Calculate the remainder when 2572 is divided by 39.
37
Calculate the remainder when 199 is divided by 20.
19
What is the remainder when 87 is divided by 51?
36
Calculate the remainder when 218 is divided by 93.
32
What is the remainder when 1177 is divided by 34?
21
Calculate the remainder when 2326 is divided by 34.
14
What is the remainder when 615 is divided by 98?
27
What is the remainder when 1355 is divided by 16?
11
Calculate the remainder when 155 is divided by 46.
17
Calculate the remainder when 183 is divided by 63.
57
Calculate the remainder when 22 is divided by 12.
10
Calculate the remainder when 343 is divided by 165.
13
What is the remainder when 78 is divided by